ommon factor of 1110 and 74?
74
What is the highest common divisor of 957 and 174?
87
What is the greatest common factor of 380 and 280?
20
What is the greatest common divisor of 8 and 5176?
8
Calculate the greatest common factor of 45 and 1215.
45
What is the highest common divisor of 270 and 16110?
90
Calculate the greatest common divisor of 18 and 459.
9
Calculate the greatest common divisor of 44 and 3476.
44
What is the highest common factor of 135 and 1545?
15
What is the highest common factor of 10 and 230?
10
What is the greatest common factor of 4698 and 18?
18
What is the greatest common factor of 1024 and 112?
16
What is the greatest common factor of 2171 and 4175?
167
What is the highest common factor of 480 and 2280?
120
Calculate the greatest common divisor of 16480 and 80.
80
What is the greatest common divisor of 18 and 11079?
9
Calculate the highest common factor of 33 and 286.
11
What is the highest common divisor of 97 and 1067?
97
Calculate the highest common divisor of 16 and 13840.
16
Calculate the highest common factor of 555 and 925.
185
Calculate the highest common divisor of 978 and 174.
6
Calculate the greatest common factor of 1020 and 15.
15
What is the highest common factor of 259 and 4144?
259
Calculate the greatest common factor of 6713 and 147.
49
What is the highest common divisor of 551 and 319?
29
What is the greatest common divisor of 6 and 417?
3
What is the greatest common factor of 18 and 7524?
18
What is the highest common divisor of 624 and 72?
24
Calculate the greatest common divisor of 62 and 775.
31
Calculate the highest common divisor of 564 and 12.
12
What is the greatest common divisor of 573 and 15?
3
Calculate the greatest common divisor of 266 and 152.
38
Calculate the highest common factor of 348 and 12.
12
What is the highest common divisor of 7 and 1673?
7
Calculate the highest common divisor of 3762 and 22.
22
Calculate the highest common factor of 2145 and 792.
33
Calculate the highest common factor of 731 and 85.
17
Calculate the highest common divisor of 16 and 752.
16
What is the highest common divisor of 6110 and 188?
94
What is the greatest common divisor of 2486 and 1356?
226
Calculate the highest common divisor of 134 and 1072.
134
Calculate the highest common divisor of 729 and 891.
81
What is the greatest common factor of 105 and 125?
5
Calculate the greatest common factor of 805 and 35.
35
Calculate the highest common divisor of 28 and 70.
14
Calculate the highest common factor of 642 and 6.
6
What is the highest common factor of 2415 and 759?
69
Calculate the highest common factor of 42 and 54.
6
What is the greatest common divisor of 9 and 927?
9
Calculate the highest common factor of 20 and 124.
4
Calculate the greatest common factor of 21 and 336.
21
Calculate the highest common divisor of 203 and 3886.
29
Calculate the greatest common divisor of 1376 and 129.
43
What is the greatest common factor of 441 and 9?
9
Calculate the greatest common divisor of 7920 and 16.
16
Calculate the greatest common divisor of 169 and 1.
1
Calculate the greatest common divisor of 630 and 280.
70
Calculate the highest common factor of 85 and 40.
5
Calculate the greatest common factor of 667 and 1566.
29
What is the greatest common divisor of 33 and 4917?
33
Calculate the highest common divisor of 14 and 2240.
14
Calculate the greatest common factor of 3 and 783.
3
Calculate the greatest common factor of 104 and 91.
13
What is the highest common factor of 418 and 190?
38
Calculate the greatest common divisor of 140 and 84.
28
What is the highest common factor of 600 and 125?
25
What is the highest common factor of 2320 and 435?
145
Calculate the greatest common factor of 122 and 31232.
122
What is the highest common divisor of 288 and 96?
96
Calculate the greatest common divisor of 44 and 176.
44
What is the greatest common divisor of 160 and 40?
40
What is the greatest common divisor of 1027 and 869?
79
What is the highest common divisor of 110 and 1595?
55
Calculate the highest common divisor of 259 and 91.
7
Calculate the greatest common divisor of 525 and 4480.
35
What is the greatest common divisor of 84 and 1876?
28
Calculate the greatest common divisor of 30 and 1040.
10
Calculate the highest common factor of 540 and 2040.
60
What is the highest common divisor of 275 and 75?
25
Calculate the highest common divisor of 164 and 123.
41
What is the highest common factor of 154 and 14?
14
What is the greatest common factor of 427 and 7?
7
Calculate the highest common factor of 64 and 352.
32
Calculate the greatest common factor of 355 and 20.
5
What is the greatest common divisor of 5312 and 256?
64
Calculate the highest common factor of 1 and 29.
1
Calculate the greatest common factor of 3976 and 504.
56
Calculate the greatest common factor of 143 and 13.
13
What is the greatest common factor of 900 and 20?
20
What is the highest common factor of 80 and 112?
16
Calculate the greatest common divisor of 12 and 18.
6
Calculate the highest common factor of 101 and 2121.
101
What is the highest common divisor of 12 and 9360?
12
Calculate the greatest common divisor of 14 and 224.
14
What is the greatest common factor of 27603 and 27?
9
What is the highest common divisor of 1548 and 172?
172
Calculate the greatest common divisor of 338 and 468.
26
Calculate the greatest common factor of 19270 and 20.
10
Calculate the greatest common divisor of 1250 and 10.
10
Calculate the greatest common factor of 22944 and 96.
96
What is the highest common divisor of 612 and 4131?
153
Calculate the highest common factor of 51 and 6987.
51
Calculate the greatest common factor of 17985 and 165.
165
What is the highest common divisor of 22 and 22?
22
Calculate the greatest common divisor of 203 and 7.
7
What is the highest common divisor of 12 and 438?
6
What is the highest common divisor of 11 and 1903?
11
Calculate the greatest common divisor of 10 and 745.
5
Calculate the greatest common divisor of 2993 and 1312.
41
What is the greatest common factor of 1891 and 1647?
61
What is the greatest common divisor of 45 and 255?
15
What is the highest common divisor of 1969 and 179?
179
What is the greatest common factor of 48 and 51?
3
Calculate the greatest common factor of 4608 and 6.
6
What is the highest common divisor of 116 and 1334?
58
What is the greatest common divisor of 204 and 12648?
204
Calculate the highest common factor of 14 and 27489.
7
What is the greatest common factor of 41 and 451?
41
What is the greatest common factor of 27 and 471?
3
Calculate the highest common factor of 21 and 35.
7
What is the highest common factor of 722 and 1102?
38
Calculate the greatest common divisor of 7 and 595.
7
Calculate the highest common factor of 9423 and 27.
27
What is the greatest common factor of 1971 and 1161?
27
Calculate the greatest common factor of 6272 and 7.
7
What is the highest common factor of 42 and 9?
3
What is the highest common divisor of 245 and 49?
49
Calculate the highest common divisor of 1534 and 52.
26
What is the greatest common factor of 516 and 162024?
516
What is the highest common factor of 1273 and 95?
19
Calculate the highest common factor of 5 and 5.
5
Calculate the greatest common divisor of 166 and 2.
2
What is the greatest common divisor of 42 and 2506?
14
Calculate the greatest common factor of 17 and 8143.
17
Calculate the greatest common factor of 87 and 58.
29
What is the highest common divisor of 99 and 96?
3
What is the greatest common factor of 385 and 5?
5
What is the greatest common factor of 496 and 1312?
16
What is the greatest common divisor of 594 and 198?
198
Calculate the highest common factor of 242 and 66.
22
Calculate the greatest common divisor of 57 and 228.
57
What is the greatest common divisor of 255 and 45?
15
Calculate the highest common divisor of 4705 and 20.
5
Calculate the highest common divisor of 15582 and 196.
98
What is the highest common factor of 1524 and 12?
12
What is the greatest common factor of 18 and 153?
9
Calculate the highest common factor of 5 and 125.
5
What is the greatest common factor of 48 and 112?
16
Calculate the greatest common factor of 184 and 12788.
92
Calculate the greatest common factor of 100 and 2950.
50
What is the 